- -2)*-4. Let a(k) = k + 15. Is a(d) a multiple of 6?
False
Suppose 0 = 5*i - 100 + 20. Suppose i = w - 0*w. Is w a multiple of 12?
False
Does 37 divide (-394)/((1 - 2) + (-2)/2)?
False
Let p = 219 + -67. Is 27 a factor of p?
False
Let w(q) = -31*q - 17. Does 18 divide w(-4)?
False
Let f = -13 + 12. Let z(o) = 0 + 2*o - 1 + 20*o**2 - 3*o. Is z(f) a multiple of 7?
False
Let t = -7 + 8. Suppose 0 = -2*d + 3*k - 67, t = -4*k + 21. Let n = 13 - d. Is n a multiple of 13?
True
Let x be (-35)/25 + 2/5. Is 21*((-1)/(-3) - x) a multiple of 7?
True
Let q be 8/3 + 2/6. Suppose 51 = q*c + 3*f, 0*f = -4*c + f + 83. Is 8 a factor of c?
False
Suppose -j = -6*j. Let k(v) = v + 17. Does 7 divide k(j)?
False
Does 15 divide (-106)/(-1)*1/2?
False
Suppose 0 = 6*y - 408 + 72. Is y a multiple of 14?
True
Let g = -6 - -1. Let w(b) = -6*b**2 - b**3 + 6*b + b**2 + 2*b**2. Does 8 divide w(g)?
False
Let m(l) = 2*l + 4. Let t be m(-7). Let s be t/(-35) - 145/(-7). Let a = 9 + s. Is 11 a factor of a?
False
Let j(b) be the third derivative of -b**6/360 - b**5/20 - b**4/8 - b**3/3 + b**2. Let g(t) be the first derivative of j(t). Is g(-3) a multiple of 6?
True
Let j(q) be the second derivative of -q**6/120 - q**5/10 - 5*q**4/24 - q**3/3 - q**2 - 3*q. Let k(w) be the first derivative of j(w). Is 14 a factor of k(-6)?
True
Let w(h) = 3*h - 5. Is w(5) a multiple of 5?
True
Suppose -5*a + 15 + 5 = 0. Suppose a = -3*w + 16. Suppose 5*u - 20 = -5*f, w*f - 5*u = -14 + 48. Is 6 a factor of f?
True
Let t be 7*(15/(-21) + 1). Suppose -x - 4*c + t*c + 18 = 0, -5*x = -5*c - 30. Is x a multiple of 5?
True
Let f(t) = -t**2 - t + 3. Let u be f(7). Let x = u - -97. Is 22 a factor of x?
True
Suppose -2*n + 1 = -3. Let l(j) = j**2 - 2. Is l(n) a multiple of 2?
True
Let v = 7 - -21. Is v a multiple of 9?
False
Let f(h) = -h + 1. Suppose -16 = 4*t - 0*m - 2*m, 0 = 2*t + 5*m - 16. Let s be f(t). Suppose 2*w + s*a = 37, -5*w + 4*a + 49 + 32 = 0. Is w a multiple of 8?
False
Suppose -3*z - 2*z = -45. Suppose 4*b + 70 = z*b. Is 4 a factor of b?
False
Suppose -2*f - 18 = -4*t, 5*t + 0*t + 4*f - 29 = 0. Suppose -5*i = 5*k - t, 5 - 2 = 3*i - 4*k. Suppose 2*u - 27 - i = 0. Does 7 divide u?
True
Suppose -3*m + m - 5*f - 5 = 0, -2*f = -2*m - 26. Let k = m + 31. Is 7 a factor of k?
True
Suppose 0 = -3*y + 5*y. Let v(p) = p**2 + p + 5. Is 5 a factor of v(y)?
True
Let w be -1 - (0 - -1)*-3. Suppose u + 3*u + 2*f = 160, 5*f = -w*u + 96. Suppose 0*t = 3*s - 5*t - u, -3*t - 47 = -4*s. Is 11 a factor of s?
True
Let a(f) = -f - 1. Suppose -31 = -4*b - 3. Let z be a(b). Let s = 2 - z. Does 10 divide s?
True
Suppose -3*c - 48 = -2*u, 0 = 4*u - 4*c + 54 - 154. Is u a multiple of 9?
True
Suppose -n + 5*n = 8. Is (3 - n)*3 + 55 a multiple of 20?
False
Is 32 a factor of 1404/22 - 28/(-154)?
True
Let c = -34 - -12. Let u = 16 + c. Let o(s) = -9*s - 5. Is 19 a factor of o(u)?
False
Let h(v) = -6*v + 3. Let f(i) = -i**3 + 7*i**2 + i - 10. Let b be f(7). Let d be h(b). Suppose 0 = -2*z + d + 43. Does 16 divide z?
True
Let u = -2 + 0. Let c be 4/u + (0 - 2). Let i(x) = -9*x + 2. Is i(c) a multiple of 19?
True
Suppose -2*g = -4*q + 3*g + 55, 0 = -q + 3*g + 12. Does 13 divide q?
False
Let b(p) = -21*p + 7. Is b(-1) a multiple of 14?
True
Suppose -2 + 5 = t. Is t even?
False
Let i be (-16 - -2)/(4/(-18)). Let d(t) = t - 37. Let s be d(0). Let z = i + s. Does 14 divide z?
False
Let b(f) = -f**3 - 11*f**2 + 9*f + 15. Is 17 a factor of b(-12)?
True
Suppose 0 = -2*l - 5*c + 91, 2*c = -l - c + 48. Let u = l - -10. Is u a multiple of 9?
False
Suppose 4*j - 22 = -2*p - 0*j, -j + 5 = 0. Is (9 - 12) + (39 - p) a multiple of 11?
False
Let u be (-1210)/(-18) + (-20)/90. Suppose u = 2*y + 4*x - 37, 4*x = 20. Does 21 divide y?
True
Let l(d) = 25*d**2 + d + 3. Is l(2) a multiple of 35?
True
Suppose 5*q + r - 22 = 0, 8 = -4*r - 4. Suppose h - q*j - 29 = 0, -40 = -4*h - 4*j + 5*j. Is h a multiple of 9?
True
Let s(c) = -33*c - 9. Does 11 divide s(-2)?
False
Suppose -3*v - 6*b = -2*b + 80, 4*v - 2*b + 70 = 0. Let o be -3 + 3 + -3 - v. Suppose 2*t - o = t. Does 17 divide t?
True
Suppose -2*c + 0*c = -52. Is 13 a factor of c?
True
Suppose -16*x + 12*x + 704 = 0. Suppose 9*o = 4*o - 2*m + 400, 2*o - x = -4*m. Does 11 divide o?
False
Does 17 divide 34/4*(-2 - -4)?
True
Let s(b) = 5*b - 8. Is 12 a factor of s(9)?
False
Let a = 7 - 7. Suppose a = -4*y - y + 170. Is y + 4 - 2*1 a multiple of 12?
True
Suppose 511 - 1633 = -11*l. Does 17 divide l?
True
Let p(y) = y**2 - 7*y - 5. Let w be p(8). Suppose -4*d - 2*k + 94 = w*k, 4*d + k - 86 = 0. Is 7 a factor of d?
True
Let k be 3 - 3/(3 + 0). Suppose k = x + 3. Let o = 14 + x. Is 13 a factor of o?
True
Suppose -4*u - 45 = -5*u. Is u a multiple of 5?
True
Let a(u) be the third derivative of -5*u**4/24 - 13*u**3/6 + u**2. Is 13 a factor of a(-9)?
False
Let f be 1/2*(-8)/(-2). Suppose 0 = -f*j - 3*j + 280. Suppose -153 = -0*q - 5*q + 3*v, -2*q - 4*v = -j. Is 12 a factor of q?
False
Let z(x) = 17*x**3 - x**2 + x. Is z(1) a multiple of 9?
False
Let o = -81 - -173. Is 23 a factor of o?
True
Suppose -3*u - c - 112 = 164, 4*c = -u - 81. Is u/(-7) - 10/35 a multiple of 3?
False
Let b be 51/12 + (-3)/12. Suppose b*t + j = -0 - 1, 0 = 2*t - 3*j - 3. Suppose -5*q - 4*r + 42 = t, -3*q + 0*q + 2*r + 34 = 0. Is 10 a factor of q?
True
Suppose 0 = -l - 3*l + 1156. Suppose 1 = -4*s + l. Suppose -2*q = q - s. Does 24 divide q?
True
Is 2 a factor of 12/((-2)/(-3 - -2))?
True
Suppose -3*l + 1 = -14, -137 = -d - 5*l. Is d a multiple of 14?
True
Suppose 0 = 5*z - 2*z - 66. Let b = z - 2. Let a = b + -8. Is 12 a factor of a?
True
Suppose 44 = 2*q - o, 37 = -3*q + 3*o + 103. Let l = -13 + q. Let t = l - 5. Is 2 a factor of t?
True
Suppose -g = 4*g. Suppose l = 6*l + b - 156, g = 4*l + 3*b - 116. Is 21 a factor of l?
False
Suppose -z = -y + 34, 5*z - 54 = 2*y - 4*y. Suppose 0 = -m - m + y. Does 7 divide m?
False
Suppose -4*a - 384 = -0*a. Does 8 divide (8/(-16))/(2/a)?
True
Let g(f) = f**2 + 2*f + 1. Let n be g(-3). Suppose -5*d + 24 = -n*d. Is d a multiple of 10?
False
Let c(g) be the third derivative of 17*g**6/120 + g**4/24 + 3*g**2. Is c(1) a multiple of 9?
True
Does 10 divide 10/(24/(-15) + 2)?
False
Let r = 143 - 83. Does 12 divide r?
True
Let m be -1*2*4*(1 + 4). Let u be (-1)/2 - (-26)/4. Is m/2*u/(-15) a multiple of 8?
True
Suppose 11*j - 5*i = 13*j - 84, 3*j + i - 100 = 0. Is j a multiple of 32?
True
Suppose 3*c - 4*s = 57 + 15, 0 = -2*c + 4*s + 52. Suppose 15*b = c*b - 65. Is b a multiple of 4?
False
Suppose 0 = 4*g + 5*j - 7, 4*j - j = 5*g + 19. Is 13 a factor of g/(-7) - (-1440)/56?
True
Let y = -20 + 52. Is 8 a factor of y?
True
Suppose 5*c + 5 = 0, -2*m = -0*m + 4*c - 4. Suppose m*j = -j + 55. Does 5 divide j?
False
Let d = 87 + -25. Does 6 divide d?
False
Let h(k) = -2*k**3 - 3*k**2 + 2. Let m be h(-2). Let l be (-3)/(3/m*-2). Suppose -4*z = -l*z - 32. Is z a multiple of 16?
True
Suppose -9*w + 4*w + 260 = 0. Is 37 a factor of w?
False
Suppose -3*m = 12, 5*w = 6*w - 4*m - 67. Does 4 divide w?
False
Let z(m) = m**2 - 6*m + 1. Let x be z(5). Let y(p) = -3*p. Is y(x) a multiple of 12?
True
Let s(v) = -v**3 - 5*v**2 - 4*v - 2. Let c be s(-4). Does 20 divide c - (-3)/(6/44)?
True
Suppose 0*z - z = 0, 0 = 4*u - 3*z + 100. Suppose 10 = j + 5*c, 2*j = j + 4*c - 17. Is ((-108)/(-10))/(j/u) a multiple of 15?
False
Let j(d) = d**2 + 14*d + 15. Is j(-13) a multiple of 2?
True
Let u(x) = -4*x**3 + x + 1. Is u(-2) a multiple of 11?
False
Suppose 0 = 3*o + 57 - 0. Let u(q) = -13*q**2 - q. Let h be u(-1). Let v = h - o. Is 6 a factor of v?
False
Suppose -s + 39 + 7 = 0. Suppose s + 12 = 3*q - 5*t, -5*t = -5*q + 80. Is 5 a factor of q?
False
Let r(j) = -j**2 - 8*j + 9. Let p be r(-8). Let c be (-4)/(-6) - 6/p. Suppose c = -g + 5*t + 3 - 25, -14 = 2*g - 4*t. Is g a multiple of 3?
True
Suppose -4*q + 1 = -19. Suppose 0 = q*b - 0 + 10. Is (-2 - (1 + 3))*b a multiple of 12?
True
Let a(m) = m**3 + 4*m**2 - 7*m + 2. Is a(-5) a multiple of 4?
True
Let d = 336 - 216. Suppose -5*i + d = 5*g, -5*i + 8*g - 4*g + 102 = 0. Is 3 a factor of i?
False
Suppose 135 = 3*u + 3*q, 3*u - 143 = 2*q + 3*q. Is u a multiple of 2?
True
Let x(y) = y**3 - 3*y**2 + 3*y - 9. Does 15 divide x(4)?
False
Let r = 33 + -5. Is 7 a factor of r?
True
Let k(m) = 2*m